).
953
Let g = -7235 + 14629. List the prime factors of g.
2, 3697
Let m(b) = 147*b**2 - 18*b + 72. What are the prime factors of m(-10)?
2, 3, 7, 89
Let u = 144 + -88. Suppose 4*h - u = 488. List the prime factors of h.
2, 17
Suppose r - 158 = 22. Let x = -256 + 159. Let j = r + x. What are the prime factors of j?
83
Let p = 15955 + -7793. List the prime factors of p.
2, 7, 11, 53
What are the prime factors of 2029*(45/(-180))/(1/(-12))?
3, 2029
Suppose 3*x - 4*l - 23 = -7, 0 = 3*l + 12. Suppose 6*n = 2*n + 20, x = 3*y - n - 250. Let j = -27 + y. List the prime factors of j.
2, 29
Suppose 0*l = 12*l + 60. List the prime factors of 832 + 5 + 7 - l.
3, 283
Let f = -92 + 94. Suppose 4*d - 11*m - 732 = -15*m, -d + 195 = -f*m. List the prime factors of d.
11, 17
Suppose -2*w + y = -21, -3*w - 5*y + 44 = -4*y. Suppose -4*l - 5*x - w = 0, 4*l + 2 = x - 5. List the prime factors of 8/l*(-51)/34.
2, 3
Let d(o) = 14*o + 189 + 12*o + 14*o - 16*o + 10*o. List the prime factors of d(17).
13, 59
Let h(l) = -l**3 - 25*l**2 + 24*l - 48. Suppose 3*q + 42 = -36. Let o be h(q). Suppose -19*r + 195 = -o*r. List the prime factors of r.
13
Let p(g) = 92*g**3 - g**2 - 2*g + 3. Let n be p(1). Suppose 74 - n = -3*s. Suppose -2*l = 2*h - s*h + 240, 0 = -4*h - l + 228. List the prime factors of h.
2, 29
List the prime factors of -2*2 + (-272928)/(-8 - 4).
2, 3, 5, 379
What are the prime factors of 937 + -12 - 1/1*5?
2, 5, 23
Let w(t) be the first derivative of -t**4/4 - 3*t**3 + 10*t**2 + 38. Let p be w(-10). Let l = p - -150. List the prime factors of l.
2, 5
Let q(k) = -k**2 + 5*k + 9. Let i be q(7). Let r(m) = -m**2 - 10*m - 13. Let z be r(i). List the prime factors of ((-261)/z)/(12/(-128)).
2, 29
List the prime factors of -50143*((-1)/(1*(-5)/(-40)) + 7).
41, 1223
List the prime factors of 528128/7 - (144/21 + -6).
2, 7, 17, 317
Suppose 8*a + a = 0. Suppose 27*z - 31*z + 4 = a. Let j = 212 - z. What are the prime factors of j?
211
Let z(l) = 118*l - 594. List the prime factors of z(13).
2, 5, 47
Suppose 36 = 3*n - 27. Suppose -n*u = -15*u. Suppose 3*x - 106 - 185 = u. List the prime factors of x.
97
Let b(f) = 5*f - 25. Let v be b(5). Suppose 3*x - 4*x + 92 = v. Suppose o + 3*m - 41 = x, -2*o + 263 = 5*m. List the prime factors of o.
2, 31
Let p = -48870 + 89548. What are the prime factors of p?
2, 11, 43
What are the prime factors of ((-12)/(-14))/(345/27056050)?
2, 5, 3361
Suppose 0 = 4*z + 10*u - 12*u - 40096, -5*u = -9*z + 90214. What are the prime factors of z?
2, 3, 557
Suppose -5*b = -5*u - 60, 0 = -b - 4*b - 5*u + 60. What are the prime factors of b/(-6)*(-5)/(5/68)?
2, 17
Let p be 62/217 + (-9)/7. List the prime factors of (-5 - -179)*(p - (-8)/6).
2, 29
Let h(q) = 24*q**2 - 9*q + 26. Let s be h(-6). Suppose 3*t - 1531 = s. List the prime factors of t.
3, 5, 11
What are the prime factors of 13082/2 + (-15 - -5)?
3, 7, 311
Let p be 0 + ((-1)/(-3) - 4736/(-111)). Suppose 0 = -p*v + 62*v - 24073. List the prime factors of v.
7, 181
Suppose a + 7*m - 11*m = 0, -2*a = -m - 7. Suppose u + 922 = 4*b - 550, 4*b + a*u = 1452. What are the prime factors of b?
367
Suppose -b + 9445 - 671 - 289 = 0. What are the prime factors of b?
5, 1697
Let m(z) = -z**3 - 29*z**2 + 4. Let f be m(-29). Suppose v + f*b + 22 - 354 = 0, -5*v + 1580 = 4*b. List the prime factors of v.
2, 3, 13
Suppose 0 = -123*u + 109*u + 438060. List the prime factors of u.
2, 3, 5, 7, 149
Let u = 98 - 94. Suppose 2*t - 418 = -u*w, 0*w + 2*w - 207 = t. List the prime factors of w.
2, 13
Suppose -95842 = -2*w + 97952 - 32034. What are the prime factors of w?
2, 3, 5, 337
Let m = 0 - 7. Let h be 0 + (-4120)/(-14) - (-2)/m. Suppose -z + 157 = 3*x, -2*z + 2*x + 2*x = -h. What are the prime factors of z?
151
Suppose 3*n + 3*j = -j + 11, 5*n - 4*j = 29. Suppose -n*q - 4 - 1 = 0. What are the prime factors of (6/4)/(q/50*-5)?
3, 5
Let p = 9406 - 4821. What are the prime factors of p?
5, 7, 131
Let o(q) = q**2 - 9*q + 16. Let s be o(7). Suppose 4*k - c - 20 = 0, -s*c = -k + 3*c + 5. Suppose -3*b = 15, -b = -n + k*n - 1051. List the prime factors of n.
2, 3, 11
Suppose -19*v = -258753 + 32045. What are the prime factors of v?
2, 19, 157
Let g = 2 + 0. Suppose 2*i = g*f - 350 + 24, 5*i - 775 = -5*f. Let d = f - 86. What are the prime factors of d?
73
What are the prime factors of (-6 + (-841720)/(-60))/(4/6)?
2, 13, 809
Suppose i = -6*y + y, -3*y = -3*i. Suppose y = 4*p + 5*x - 1046, p + 4*x - 227 - 40 = 0. Let a = -127 + p. List the prime factors of a.
2, 3, 11
Suppose 3*x = x - 4, 2*x + 22 = 2*h. List the prime factors of 1600/h + (-16)/(-72).
2, 89
Let q = -39881 - -63142. List the prime factors of q.
7, 3323
Suppose 7 = 4*v - 1, 3*x - 4*v + 1508 = 0. Let k = -324 - x. Suppose 3*q - k = 4*j, 0 = 4*q - j + 4*j - 218. List the prime factors of q.
2, 7
What are the prime factors of (6/21 + (-17710)/245)*119/(-2)?
2, 3, 7, 17
Let v(k) = k**3 - 59*k**2 + 70*k - 253. List the prime factors of v(60).
7547
Let v be (-4)/8 - 327/(-6). Let h = v - 50. Suppose 5*i + h*p - 350 = -p, 0 = -3*i + 3*p + 180. What are the prime factors of i?
5, 13
Let z(r) = -184*r**2 - 9*r - r**3 + 39 - 36 + 198*r**2. Suppose -2*i + 31 = 3*f, -2*f + 3 = -f. What are the prime factors of z(i)?
3, 89
Let h(i) = 39*i**3 - 6*i**2 + 10*i - 142. What are the prime factors of h(7)?
3, 4337
Let q = 10860 - 10628. List the prime factors of q.
2, 29
Let r be (-6)/14 + 54/126. Suppose -2*n - 4*l - 50 = l, n + 5*l + 35 = r. Let v = n - -146. What are the prime factors of v?
131
Let l = -1829 + 4674. Let c = -1993 + l. What are the prime factors of c?
2, 3, 71
Let z(i) = 12*i + 31. Suppose 15 = -3*n, o - 21 = -o - 5*n. What are the prime factors of z(o)?
307
Let j be -1*(1 + 3 + -1049) + 2. Suppose -5*k + j = -263. What are the prime factors of k?
2, 131
Suppose -10 = -5*o + 5, -2*q = 4*o - 742. Suppose 13*y - q = 2872. List the prime factors of y.
3, 83
Let y(h) = -h**3 + 50*h**2 - 495*h - 143. What are the prime factors of y(31)?
17, 163
List the prime factors of 1/4 + ((-250185)/(-60) - -12).
2, 3, 17, 41
Let h = 532 + -525. Suppose -389 = -h*w + 3251. What are the prime factors of w?
2, 5, 13
Let y be 2/(-8)*-28 + -7. Suppose t - 669 - 205 = y. What are the prime factors of t?
2, 19, 23
Let i = 415 - 277. Suppose 2*g + 2*u - 336 = 0, 3*g + u - 374 = i. What are the prime factors of g?
2, 43
Let v = -108334 - -169882. What are the prime factors of v?
2, 3, 23, 223
Suppose -55*b - 87803 = -226246 - 115602. What are the prime factors of b?
31, 149
Let m = 36 + 50. Suppose -5*f + 25 = 0, 191 = -2*n + 6*n + 3*f. Let t = m - n. List the prime factors of t.
2, 3, 7
Let f be 1 + -4 - (-5 + 2). Suppose -5*i + 2*g - 80 = f, -5*i + 5*g - 115 = -20. Let q(s) = -3*s - 28. List the prime factors of q(i).
2, 7
Let q = 285 - 140. Let v = q - 101. List the prime factors of v.
2, 11
Suppose -6*o = 83*o - 1161272. List the prime factors of o.
2, 7, 233
Let v be (-3)/4 - (14166/24 - -9). Let r = 1542 + v. What are the prime factors of r?
2, 3, 157
Let i = 1061 + 8579. What are the prime factors of i?
2, 5, 241
Let n(o) = o**2 - 7*o - 34. Let z be n(10). Let i be (2/(-4))/(2/z). Suppose -4*m - i = -41. What are the prime factors of m?
2, 5
Suppose 16507 = 84*c - 36917. What are the prime factors of c?
2, 3, 53
Suppose -104*b + 2904910 - 360533 = -2764615. List the prime factors of b.
2, 3, 709
Suppose -4*l = 2*x - 20, -2*x = -5*x + 4*l. Let s be 1*(1*42 + x) + -4. Let o = 271 - s. What are the prime factors of o?
229
Let z(n) = n**3 + 2*n**2 - 8*n + 9. Let t = 146 - 142. What are the prime factors of z(t)?
73
What are the prime factors of 490/105*7332/7?
2, 13, 47
Let a(t) = 64*t**2 + 40*t - 661. List the prime factors of a(13).
5, 7, 61
Suppose -20*n + 23*n - 279 = 0. Suppose -f = 3*k - 101, 2*f = -4*k + 43 + n. What are the prime factors of k?
3, 11
Suppose -4*l = 5*p - 209, l + 3*p = 4*p + 59. Suppose g = -6*g + l. Let s(u) = u**3 - 6*u**2 - 6*u + 2. What are the prime factors of s(g)?
2, 41
Let l(m) = m**2 - 7*m - 8. Let z be l(-4). Suppose -n = 2*t, -4*n + 15 = -2*n - t. List the prime factors of 2436/z - -2*1/n.
2, 17
Let a(f) = f**3 + 17*f**2 - 5*f - 28. Suppose 293*v = 288*v - 85. List the prime factors of a(v).
3, 19
Suppose -4*a - 5*r + 98337 + 358 = 0, 4